uppose 2*l - 1 = 3. Suppose -h - 3 = 0, 44 = 4*n - 6*h + l*h. Let s = 13 - n. What is the units digit of s?
5
Suppose -182 = -4*t + 5*y - 4*y, -3*t + 141 = -3*y. What is the tens digit of t?
4
Suppose -i = -0*i + 5. What is the tens digit of (-1)/5 - 86/i?
1
Suppose 3 = -4*w - 5*o, 4*w = 4*o - 25 - 23. Let s = -5 - w. Suppose -2*z - s*k - 4 = 0, -2*z - z = -5*k - 26. What is the units digit of z?
2
Let a be 6/(-4) - (-18)/4. Let t be 1/3 + a/(-9). Suppose c - p - 3 = 0, 4*c + t + 6 = -5*p. What is the units digit of c?
1
Let x(w) = w**3 - 6*w**2 - 8*w + 5. Let y be x(6). Let n = -23 - y. Suppose 0 = 2*v - 2*r + 6, -3*v - 5*r + n = -11. What is the units digit of v?
2
Let c(z) = -10*z. Let u(d) = -3*d. Let l(o) = -4*c(o) + 14*u(o). Let j be l(3). Let y = j - -11. What is the units digit of y?
5
What is the tens digit of (-3)/(9/(-12)) + 23?
2
Let g(b) = b**2 - 1. Let i be g(-5). Suppose i = 2*n - 4. What is the tens digit of n?
1
Let h(f) be the third derivative of f**6/360 + f**5/60 - f**4/8 - f**3/6 - 3*f**2. Let z(g) be the first derivative of h(g). What is the units digit of z(2)?
5
Let h(a) = 5*a + 11. What is the tens digit of h(7)?
4
What is the units digit of ((-620)/(-10))/(3 - 1)?
1
Suppose -21 = -3*k - 5*o + 61, 3*o + 114 = 5*k. What is the units digit of k?
4
Let f be 1*-4*(-3)/(-4). Let a = f + -4. Let q = a + 22. What is the units digit of q?
5
Let x be 27202/63 - 2/(-9). Suppose 7*a - x + 54 = 0. What is the units digit of a?
4
Let q(w) be the second derivative of -w**5/120 + w**4/3 - w**3/6 + w. Let a(h) be the second derivative of q(h). What is the units digit of a(0)?
8
Suppose 0 = -4*d - 5*j - 17, -5*j - 35 = -2*d - 3*d. What is the tens digit of (-148)/(d*-2) + -2?
3
Let q be 1*2*-1 - 2. Let b = q - -8. Suppose 2*o + 3*p = 1 + b, 4 = 4*p. What is the units digit of o?
1
Suppose 0 = 5*m + 5*t - 5, -m + 0*t = 5*t + 3. Suppose -11 = m*g + 11. Let r = g - -17. What is the units digit of r?
6
Suppose 2*q - 146 = -q - 4*z, -2*q = 4*z - 92. What is the tens digit of q?
5
Let u be (-829)/6 + 3/18. What is the tens digit of (-2)/(-1)*u/(-12)?
2
Suppose -4*j + 22 = 82. Let f be (-4)/(j/(-9) - 2). Suppose 4*h = -0 + f. What is the units digit of h?
3
Let k(r) = r**2 + r. Let x(o) = o**3 - 4*o**2 - 3*o - 3. Let w(f) = 5*k(f) + x(f). What is the tens digit of w(2)?
1
Let r(j) = 10*j**2 + 7*j - 12. What is the units digit of r(-5)?
3
Let w(h) be the third derivative of -h**6/30 - h**5/20 - h**2. What is the tens digit of w(-2)?
2
Let n = -16 - -7. Let m = n - -19. What is the units digit of m?
0
Let m = 18 - -21. What is the tens digit of m?
3
What is the units digit of 1/(-1) + 69 + -16 + 14?
6
Suppose 3*p + 207 = 3*y, -4*y + 3*p - 59 + 336 = 0. What is the tens digit of y?
7
What is the tens digit of (-5 - 5348/(-52)) + 6/39?
9
Suppose -1 = -2*n + 5. Suppose 4*a - n*a = 3. Suppose 4*f - 5*s = 3, 0*f = f + a*s - 5. What is the units digit of f?
2
Suppose 0 = -0*w + 2*w + 28. Let y = w + 17. What is the units digit of y?
3
Let p(j) = -3*j**3 - j**2 - j - 1. Let y be p(-1). What is the units digit of y*((0 - -1) + 1)?
4
Suppose 4 = -5*x - 2*h, 2 + 4 = -3*h. Suppose 0 = t - x*t + 5. Let f = t - -6. What is the units digit of f?
1
Let s be -3*(-2)/3 - -29. Suppose -t = -5*r + s, r + 2*t = -2*t + 23. What is the units digit of r - 2/(-1) - 2?
7
Suppose -6*j + 711 = -2*j - m, 5*m = -j + 183. What is the hundreds digit of j?
1
Let f be (-34*1)/(-1 + -1). Let t = -8 + f. Let k = t - 4. What is the units digit of k?
5
Let k(j) be the second derivative of 2*j - 9/2*j**2 + 0 + 1/3*j**3. What is the units digit of k(7)?
5
Let g be (23/2)/(1/2). Let r = 36 - g. What is the units digit of r?
3
What is the hundreds digit of -4 - (-5 - -4) - -159?
1
Let q(w) = w**2 - 6*w - 6. Let v(i) = i**2 - 5*i - 5. Let a(z) = 2*q(z) - 3*v(z). Let m be a(-2). Let g(o) = o**3 + 7*o**2 + 4. What is the units digit of g(m)?
4
Let f(d) = d**2 - 2*d + 36. Let u(r) = -1. Let m(j) = f(j) + 6*u(j). What is the tens digit of m(0)?
3
Let h be (-2)/(-3) - 20/3. Let t = h - -19. What is the units digit of t?
3
Let n(o) = -o**3 + 6*o**2 + o - 3. Let b be n(6). Suppose -b*g = -7*s + 2*s - 79, 2*s - 8 = -g. What is the units digit of g?
8
Suppose -4*k - k = -620. What is the units digit of k?
4
Let x(b) = 30*b - 4. What is the units digit of x(1)?
6
What is the units digit of 110/4*(-102)/(-85)?
3
Suppose -3*h = -3*n + 97 - 28, -5*n + 4*h + 112 = 0. Suppose 0 = k - n - 8. What is the tens digit of k?
2
Suppose 0 = 3*u - 4*u - 2*g + 15, 0 = -2*u + 2*g. What is the units digit of u?
5
Let w(n) = -n - 2. What is the units digit of w(-5)?
3
Let b be ((-20)/8)/(-5)*6. Suppose b = -3*i - 3*m - 0, 9 = -i - 3*m. What is the units digit of i?
3
Suppose -7*x - 15 = -2*x. Let n(m) be the third derivative of -m**4/8 - 2*m**3/3 + m**2. What is the units digit of n(x)?
5
Let c be 4/22 + 9/11. Suppose -9 = k + 2*k, -2*k - c = t. What is the units digit of t?
5
What is the units digit of (47/(-2))/((-1)/4)?
4
Suppose 0*m + 78 = 2*m. What is the tens digit of m?
3
Let y = -8 - -2. What is the units digit of 19/3*(-3 - y)?
9
Let l be ((-2)/4)/((-1)/6). Let y = 55 + -31. Suppose t = l*t - y. What is the tens digit of t?
1
Let u(q) = 5*q**3 - q**2 + q. Let l be u(1). Let c be (4/l)/(2/10). Suppose 42 = -2*o + c*o. What is the tens digit of o?
2
Let p(m) = -1 + m - m**2 + 0*m**2 - 2*m. Let o be p(0). Let b(k) = -8*k**3 + 2*k**2 + k. What is the units digit of b(o)?
9
Suppose 2*d + 2*z - 118 = 0, -4*d + 103 = -2*d + 5*z. What is the tens digit of d?
6
What is the units digit of (-414)/(-45) + 1/(-5)?
9
Suppose 8 = -4*o + 4*q, 0*o - 3*o + 5*q + 2 = 0. Let k = o - -11. What is the units digit of k?
5
What is the units digit of (-1 - (-3 - -1)) + (-3 - -122)?
0
Let s be (-2)/4 - 5/(-10). Suppose 5*f - 22 + 5 = j, s = -5*j + f + 11. Let b = 0 + j. What is the units digit of b?
3
Suppose 4*z = w + 60 + 129, -2*w + 6 = 0. What is the units digit of z?
8
Suppose 0 = 3*r - 4*l + 144, -2*r + 2*l - 44 = 50. Let q be (r/(-8))/((-2)/4). Let z = q - -20. What is the units digit of z?
9
What is the hundreds digit of 65*(3 + -1) + 0?
1
Let p = 28 + -16. Suppose -3*i + p = -12. What is the units digit of i?
8
What is the tens digit of 108/3 - -4 - -2?
4
What is the tens digit of (1/2)/((-2)/(-168))?
4
Let k(i) = i**3 - i**2 - i + 32. Let w be k(0). Suppose c = -2*l + 8 - 1, -4*l = 4*c - w. Suppose -4*z = -z - c. What is the units digit of z?
3
Let g(i) = i**2 + i - 1. Let v(w) = w**2 + 4*w - 7. Let f(o) = -4*g(o) + 2*v(o). Let b be f(7). What is the units digit of (-8)/(-28) - b/14?
6
Let m be (-1)/(1 - (-28)/(-24)). What is the units digit of m/(-27) - 87/(-27)?
3
Let p(h) = -3*h**2 - 3*h + 2. Let m(s) = -4*s**2 - 4*s + 2. Let q(b) = -2*m(b) + 3*p(b). Suppose -2*w = -3*w. What is the units digit of q(w)?
2
Suppose 3*l - 6*q + 3 = -3*q, -3*l = q - 1. Suppose l = 8*n - 5*n - 3. What is the units digit of n?
1
Suppose 0 = -4*x + 2*x + 4*j + 12, -2*j = -2*x + 12. Let r = x - 3. Suppose -r + 11 = o. What is the units digit of o?
8
Let m = -14 - -104. What is the units digit of m?
0
Let x(h) = h**3 + 7*h**2 + 4*h - 3. Let m = 10 - 16. Let v be x(m). What is the units digit of (-30)/v*(-6)/4?
5
Let g(q) = q**2 - 5*q - 1. Let z be g(6). Suppose -3*c - 2*c = -z. What is the units digit of c?
1
Let a(d) be the third derivative of -d**4/24 + 7*d**3/6 - d**2. What is the units digit of a(-6)?
3
Suppose 0 = 3*h - 2*d + 3, 0 = 3*h - 0*h + 3*d - 12. What is the units digit of -3 + 8 - (-1)/h?
6
What is the units digit of ((-136)/(-16))/17*(-8)/(-1)?
4
Let c = -20 - -28. What is the units digit of c?
8
Let c = 2 - -2. Suppose -5*r - c*o = 33 - 108, 4*r = -o + 60. What is the tens digit of 2*r/2 - 1?
1
Suppose q - 5*y + 25 = 0, -5*y - 5 = 4*q - 2*q. Let o be (8/3)/(q/(-15)). Suppose -5*a + 5*z + 20 = 0, -o*a - 1 = -5*z - 20. What is the units digit of a?
1
Let j = 9 + -5. Let k(v) = v**3 - 6*v**2 + 3*v + 5. Let p be k(j). Let x = p - -26. What is the units digit of x?
1
Let i(b) = -2*b**3 - 3*b**2 + b + 3. What is the tens digit of i(-3)?
2
Let z = 1 + 0. Let d = -3 - z. What is the units digit of (6/d)/((-3)/6)?
3
Let x(k) = -k**3 + 5*k**2 - 2*k + 3. Suppose 0*a = 2*a - 8. What is the units digit of x(a)?
1
Suppose -26 = -5*l - 